895754?
2, 3, 2315959
What are the prime factors of 16523109?
3, 203989
List the prime factors of 42491313.
3, 17, 167, 1663
What are the prime factors of 4982300?
2, 5, 49823
What are the prime factors of 26802348?
2, 3, 2233529
List the prime factors of 292897.
11, 26627
What are the prime factors of 847333?
107, 7919
What are the prime factors of 4407132?
2, 3, 367261
List the prime factors of 677911.
13, 52147
List the prime factors of 84338.
2, 42169
What are the prime factors of 4134227?
23, 179749
What are the prime factors of 17128537?
17, 23, 71, 617
What are the prime factors of 161942?
2, 11, 17, 433
List the prime factors of 293125.
5, 7, 67
What are the prime factors of 504224?
2, 7, 2251
List the prime factors of 2734593.
3, 613, 1487
List the prime factors of 23065.
5, 7, 659
What are the prime factors of 35018202?
2, 3, 1283, 4549
List the prime factors of 515730.
2, 3, 5, 17191
List the prime factors of 86772.
2, 3, 7, 1033
What are the prime factors of 3381508?
2, 13, 65029
What are the prime factors of 135267?
3, 11, 4099
List the prime factors of 5320867.
1559, 3413
What are the prime factors of 175073?
29, 6037
What are the prime factors of 273412?
2, 29, 2357
List the prime factors of 12698.
2, 7, 907
List the prime factors of 122919.
3, 40973
List the prime factors of 507431.
507431
List the prime factors of 3613533.
3, 7, 11, 15643
What are the prime factors of 176354?
2, 88177
List the prime factors of 46401.
3, 15467
List the prime factors of 2394247.
19, 126013
What are the prime factors of 853761?
3, 284587
What are the prime factors of 3799607?
7, 77543
What are the prime factors of 895269?
3, 107, 2789
What are the prime factors of 6351510?
2, 3, 5, 11, 19, 1013
List the prime factors of 13416810.
2, 3, 5, 11, 109, 373
List the prime factors of 2531438.
2, 7, 13, 1987
What are the prime factors of 16991623?
11, 1544693
List the prime factors of 1119857.
1119857
What are the prime factors of 214181?
11, 19471
List the prime factors of 2654416.
2, 165901
What are the prime factors of 10137080?
2, 5, 253427
What are the prime factors of 9549468?
2, 3, 29, 3049
List the prime factors of 12772894.
2, 41, 53, 2939
What are the prime factors of 470670?
2, 3, 5, 29, 541
List the prime factors of 1726883.
1726883
What are the prime factors of 147669?
3, 49223
List the prime factors of 100673.
100673
List the prime factors of 4333161.
3, 7, 206341
What are the prime factors of 481006?
2, 240503
List the prime factors of 100751.
7, 37, 389
What are the prime factors of 4605491?
11, 179, 2339
List the prime factors of 747254.
2, 43, 8689
What are the prime factors of 9231802?
2, 29, 159169
What are the prime factors of 3311?
7, 11, 43
List the prime factors of 439043.
11, 167, 239
What are the prime factors of 3641171?
3641171
What are the prime factors of 1768034?
2, 17, 149, 349
What are the prime factors of 211524?
2, 3, 17627
What are the prime factors of 73116?
2, 3, 677
List the prime factors of 10972933.
29, 367, 1031
List the prime factors of 234313.
53, 4421
What are the prime factors of 80977?
13, 6229
What are the prime factors of 124941?
3, 41647
What are the prime factors of 2046837?
3, 13, 31, 1693
What are the prime factors of 1508776?
2, 113, 1669
What are the prime factors of 3512597?
11, 319327
What are the prime factors of 16850247?
3, 17, 29, 11393
What are the prime factors of 622012?
2, 23, 6761
List the prime factors of 295679.
457, 647
What are the prime factors of 2725670?
2, 5, 272567
What are the prime factors of 198908?
2, 49727
What are the prime factors of 219495?
3, 5, 14633
List the prime factors of 132263.
132263
What are the prime factors of 1134359?
17, 53, 1259
List the prime factors of 1057394.
2, 13, 67, 607
What are the prime factors of 5361485?
5, 37, 73, 397
What are the prime factors of 3260477?
11, 37, 8011
List the prime factors of 3878.
2, 7, 277
List the prime factors of 112691.
112691
What are the prime factors of 3480028?
2, 870007
List the prime factors of 2746722.
2, 3, 11, 41617
What are the prime factors of 29146132?
2, 1901, 3833
List the prime factors of 4974641.
7, 710663
What are the prime factors of 344151?
3, 38239
What are the prime factors of 178971?
3, 13, 353
List the prime factors of 860098.
2, 17, 41, 617
List the prime factors of 1459013.
163, 8951
List the prime factors of 271299.
3, 7, 12919
What are the prime factors of 289885?
5, 57977
List the prime factors of 709617.
3, 53, 4463
What are the prime factors of 2049449?
2049449
List the prime factors of 238910.
2, 5, 7, 3413
List the prime factors of 3554960.
2, 5, 37, 1201
List the prime factors of 166808.
2, 29, 719
List the prime factors of 411130.
2, 5, 41113
List the prime factors of 28882154.
2, 7, 43, 47977
List the prime factors of 379234.
2, 189617
What are the prime factors of 4620705?
3, 5, 19, 31, 523
What are the prime factors of 12304319?
12304319
What are the prime factors of 13423556?
2, 677, 4957
List the prime factors of 4485508.
2, 1121377
What are the prime factors of 116097?
3, 38699
List the prime factors of 23949.
3, 887
What are the prime factors of 268835?
5, 7, 7681
List the prime factors of 663417.
3, 24571
What are the prime factors of 35458?
2, 17729
What are the prime factors of 9335825?
5, 29, 79, 163
List the prime factors of 12655733.
12655733
What are the prime factors of 261336?
2, 3, 10889
List the prime factors of 29776524.
2, 3, 853, 2909
What are the prime factors of 1906126?
2, 757, 1259
List the prime factors of 851786.
2, 13, 181
What are the prime factors of 60923?
60923
List the prime factors of 19024701.
3, 79, 80273
List the prime factors of 40428959.
40428959
What are the prime factors of 783302?
2, 13, 47, 641
What are the prime factors of 254334?
2, 3, 19, 23, 97
What are the prime factors of 3620219?
71, 50989
List the prime factors of 7899372.
2, 3, 13, 16879
List the prime factors of 40439012.
2, 10109753
What are the prime factors of 17432415?
3, 5, 7, 11, 13, 43
What are the prime factors of 977212?
2, 244303
What are the prime factors of 342786?
2, 3, 57131
List the prime factors of 345657.
3, 13, 8863
What are the prime factors of 451270?
2, 5, 45127
What are the prime factors of 11317690?
2, 5, 1131769
List the prime factors of 21351355.
5, 599, 7129
What are the prime factors of 102457?
29, 3533
List the prime factors of 670321.
670321
List the prime factors of 1704309.
3, 239, 2377
List the prime factors of 4090832.
2, 167, 1531
What are the prime factors of 177362?
2, 88681
What are the prime factors of 137189?
13, 61, 173
List the prime factors of 3697335.
3, 5, 82163
List the prime factors of 1192024.
2, 109, 1367
What are the prime factors of 1152925?
5, 107, 431
What are the prime factors of 142886?
2, 71443
What are the prime factors of 152549?
79, 1931
What are the prime factors of 15708717?
3, 43, 40591
List the prime factors of 316472.
2, 13, 17, 179
List the prime factors of 3256979.
11, 17, 17417
List the prime factors of 4281.
3, 1427
List the prime factors of 3597664.
2, 7, 16061
List the prime factors of 3348281.
43, 77867
What are the prime factors of 176458?
2, 83, 1063
List the prime factors of 2057142.
2, 3, 53, 6469
List the prime factors of 3232218.
2, 3, 11, 48973
What are the prime factors of 332129?
7, 17, 2791
What are the prime factors of 11538?
2, 3, 641
List the prime factors of 9753664.
2, 257, 593
What are the prime factors of 8970511?
11, 815501
What are the prime factors of 62086?
2, 37, 839
What are the prime factors of 12491671?
1399, 8929
What are the prime factors of 54278?
2, 7, 3877
What are the prime factors of 1362758?
2, 41, 16619
What are the prime factors of 7956220?
2, 5, 397811
List the prime factors of 3413167.
3413167
List the prime factors of 15245828.
2, 13, 19, 1187
List the prime factors of 1346915.
5, 269383
What are the prime factors of 316229?
463, 683
What are the prime factors of 6663145?
5, 37, 36017
What are the prime factors of 126473?
126473
List the prime factors of 1731997.
43, 47, 857
What are the prime factors of 2313549?
3, 7, 12241
What are the prime factors of 1032716?
2, 17, 15187
List the prime factors of 240338.
2, 7, 17167
List the prime factors of 279777.
3, 179, 521
List the 